36*p - 43*p + 6 + 18. Let h = 10 + 1. What is the units digit of s(h)?
8
What is the units digit of (-254)/(-381) - (2*(-32587)/2)/3?
3
Let h(y) be the first derivative of 20/3*y**3 + 8 - 1/2*y**2 + 11*y. What is the hundreds digit of h(3)?
1
Suppose 20*g - 5*g - 175179 - 1124091 = 0. What is the hundreds digit of g?
6
Let n = 45 + -37. Suppose -3*z = n*z + 825. Let u = z - -183. What is the hundreds digit of u?
1
Let r = 15509 + -8969. What is the units digit of r?
0
Let w = -194 + 419. Let y be (4/10)/((-1)/(-10)). Suppose 57 = -y*b + w. What is the tens digit of b?
4
Suppose 4*z + 44 = -5*v, 2*z - 4*v - 4 = -0*v. What is the units digit of 42/9*18/z*-29?
6
Let q be (-5 - 168/(-36))*24/(-2). Suppose 9 = 3*v, -q*k - 2*v + 678 + 2864 = 0. What is the units digit of k?
4
Suppose -26*t = -28*t + 8. Suppose 5*o - 3*c = -2445, o - 3*o - 952 = t*c. Let i = o + 685. What is the hundreds digit of i?
1
Suppose 5*n - 10*q + 12*q = 9, 4*n = 5*q - 6. What is the units digit of n - (18498/(-42) - 12/21)?
2
Let i(r) be the third derivative of r**5/60 - 7*r**4/12 + 19*r**3/2 + 6*r**2. Let o = 234 - 222. What is the units digit of i(o)?
3
Suppose -1958 + 14728 = 10*v. Let j = 2157 - v. Let f = j - 615. What is the hundreds digit of f?
2
Let k be (-34)/(-4) + 3/6. What is the units digit of 392610/270 - 1/k?
4
Let x = 10239 + -3762. What is the hundreds digit of x?
4
Let t(d) = 0*d - d - 5*d + 15. Let k be t(18). Let x = k + 154. What is the tens digit of x?
6
Let z = -48 - -51. Suppose z*m - 43 - 35 = 0. Let q = m + 67. What is the tens digit of q?
9
Let h(y) = 17 + 2 + 4 - 4 - 43*y. What is the units digit of h(-12)?
5
Suppose 8859 = 2*p - r, -5*r - 7 = 8. What is the tens digit of p?
2
Let a = 19564 + -12395. What is the thousands digit of a?
7
Suppose -t + 28877 = 3*a, 0 = -111*a + 113*a - 2*t - 19246. What is the thousands digit of a?
9
Let v(q) = 3*q**2 - 20*q + 27. Let k be v(7). Let a = k - -139. What is the units digit of a?
3
Let m be -1*(-2)/13 - (-353343)/741. Suppose m*a = 481*a - 7516. What is the units digit of a?
9
Suppose 97*m - 79*m = -91*m + 3981661. What is the ten thousands digit of m?
3
Let h = 35 + 10. Let s(f) = f**2 - 16*f - 51. Let q be s(20). Let a = q + h. What is the units digit of a?
4
Suppose 44900 = -25*u + 75*u. What is the units digit of ((-16)/(-16))/(1/u)?
8
Let t(k) = -55*k + 144*k - 65*k + 34 - 44*k - 45*k. What is the hundreds digit of t(-8)?
5
Suppose 0 = 30*t - 424501 - 11789. What is the units digit of t?
3
Let z(d) = 3*d - 11. Let i be z(6). Suppose -i*b - 1059 = -8150. What is the thousands digit of b?
1
Let u(a) = -5*a - 11. Let i be u(-3). Let x be (-132)/(-21) + 1 - i/14. Suppose -x*f - 63 = -10*f. What is the tens digit of f?
2
Let n(c) = 6*c - 44. Let u be n(8). Suppose -686 + 3830 = u*j. What is the units digit of j?
6
Suppose 6*a + 13*a - 295662 = 2866. What is the tens digit of a?
1
Let u(d) be the first derivative of d**4/4 + 5*d**3 + 23*d**2/2 + 5*d - 12. What is the units digit of u(-13)?
4
Let j(w) = 107*w**3 - 16*w + 73. What is the thousands digit of j(4)?
6
Suppose 0 = -4*h - 2*m + 150, 4*h - 6 = 3*m + 119. Let x = h + -3. Let t = x + 10. What is the tens digit of t?
4
Let u(i) = -6299*i - 678. What is the hundreds digit of u(-3)?
2
Suppose -2*i + 2604 = -0*i. Suppose 1005*s + 136 = 1022*s. Suppose s*t = 66 + i. What is the hundreds digit of t?
1
Let p(t) = -30*t**3 + 2*t**2 + 49*t - 28. Let u be p(-12). What is the hundreds digit of u/(-235)*10/(-4)?
5
Let w(o) = o**3 + 31*o**2 - 48*o - 29. Let r be w(-27). Suppose 26*d - r = 13601. What is the hundreds digit of d?
6
Suppose -2624*b - 370500 = -2643*b. What is the hundreds digit of b?
5
Suppose 24*x - 35910 = -30*x. Suppose -71*f + 67*f + x = 5*s, 5*f = -5*s + 835. What is the tens digit of f?
7
Let h(p) = 16*p**3 + 20*p**2 + 34*p - 23. What is the ten thousands digit of h(11)?
2
Let q be (-1 + 2)*(-9)/(36/(-20)). Suppose -q*f + 459 = 4*t, -89 = -t + 5*f + 32. What is the units digit of t?
6
Suppose 88 - 91 = -u. Suppose -u*z - 2*s + 1216 = -237, -4*s = z - 491. What is the units digit of z?
3
Suppose 3*d - 4*k = 19830, 4*d - 34477 + 8041 = 4*k. What is the hundreds digit of d?
6
Suppose -122*u - 17*u + 643292 = 0. What is the tens digit of u?
2
Let z = -681 + 681. What is the units digit of 554*(-8 - -9 - z/(-2))?
4
Suppose 170511 = -53*a + 785417. What is the ten thousands digit of a?
1
Let j = 419 + -589. What is the tens digit of (-17)/(j/40) - 2*-56?
1
Let n be 0 + 1 + 3 + 1. Suppose 16 + 104 = n*d. What is the units digit of ((-87)/12)/((-2)/d)?
7
Let v be 2/4*-1*62 - 0. Let t = v - -165. Let o = -91 + t. What is the tens digit of o?
4
Suppose 2*x - 5*x = -393. Let p = x - 47. Suppose -3*y - 2*y = -5*k + 380, -3*y = -k + p. What is the units digit of k?
2
Let z(g) = g**3 + 64*g**2 - 25*g + 1138. What is the tens digit of z(-60)?
3
Let q(w) = -w - 6. Let s be q(7). Let z = -8 - s. Suppose 2*n - 110 = -m, z*m + 210 = 4*n + 2*m. What is the tens digit of n?
5
Suppose -21*z - 2*z + 345 = 0. Suppose -3*u - 1236 = -2*s, 19*s = z*s + 5*u + 2472. What is the units digit of s?
8
Suppose -7*b + 30*b - 3*b - 564580 = 0. What is the units digit of b?
9
Let d(y) = -2*y**3 - 9*y**2 + 7*y. Let b be d(-7). Let g be (6/4)/(2/b). Let f = -76 + g. What is the tens digit of f?
7
Let q = -361 + 638. What is the units digit of (-1 - 2)*q*13/(-39)?
7
Suppose 35*s - 46*s + 222108 = -183044. What is the units digit of s?
2
Suppose 3*c + 117 = -4*o, -3*c + 3 = -0*c. Let m be -4 - (o/(-9))/((-1)/3). What is the units digit of (m - -2)/((-2)/(-31))?
4
Let t(q) = 55*q**2 + 7*q + 23. Let u be t(8). Suppose 0 = 4*m + 1335 - u. What is the hundreds digit of m?
5
Let z(d) = -d**2 - 7*d + 1. Let a be z(-6). Let s(p) = 4*p**3 - 6*p**2 - 3*p**3 - 9 + 3*p - 2*p. What is the units digit of s(a)?
7
Suppose i - t - 141 = 4, 0 = -5*t. Let p = i + -76. What is the units digit of p?
9
What is the hundreds digit of 8 - (2376/330)/(8/(-20780)*1)?
7
Let k(y) = 17*y + 89. Let c(o) = -1. Let u(v) = 2*c(v) + k(v). What is the tens digit of u(7)?
0
Suppose -24*q + 8*q + 42564 = -10*q. What is the tens digit of q?
9
Let c = -1117 + 2348. Let x = c - 747. What is the hundreds digit of x?
4
Let f(o) be the first derivative of -2*o**3/3 + 71*o**2/2 - 107*o - 206. What is the hundreds digit of f(31)?
1
Let t(g) = g**2 - 53*g - 37. Let l be t(34). Let y = -388 - l. What is the units digit of y?
5
Suppose 3784*n - 3795*n = -46266. What is the tens digit of n?
0
Suppose -24*i + 30*i = -l + 19336, 2*l + 2*i - 38632 = 0. What is the tens digit of l?
1
Let t = 230 + 626. Suppose -2*j - t = 6*j. Let c = j - -115. What is the units digit of c?
8
Suppose 3*k - 90 = k. What is the units digit of (980 - 0) + k/(-15)?
7
Let m = -9 - -25. Suppose 17 = 2*y + 5*g, -4*y + 2*y + 11 = 3*g. What is the units digit of m/12*6/y?
8
Let w(n) = 8*n - 3*n - n**3 + 14*n**2 + 12 + 4. What is the tens digit of w(13)?
5
Suppose -7*u + 34371 = -3821. Let z be (81/6)/(((-108)/u)/(-9)). What is the tens digit of z/72 + (-1)/4?
8
Suppose 57482 + 57513 = 5*o - 5*c, 2*c + 114995 = 5*o. What is the thousands digit of o?
2
Let q(a) be the third derivative of -a**5/20 - 5*a**4/8 + 2*a**3/3 + 11*a**2. Let v be q(-5). Suppose 2*d = v*d - 64. What is the tens digit of d?
3
Let p be 8/(-16)*822*(-3 + 0). Let v = -632 + p. What is the units digit of v?
1
Suppose 18*n + 19734 + 11874 = 0. Let w = n - -3319. What is the hundreds digit of w?
5
Let a(k) = 31*k**3 - 4*k + 3. Let b = 46 - 45. Let t be a(b). Suppose -2*c + 436 - t = 0. What is the units digit of c?
3
Suppose 24*q - 2100 = 39*q. Let w = 185 - q. What is the hundreds digit of w?
3
Suppose -69*b - 51712 = -285967. What is the units digit of b?
5
Let d = -134 - 1530. Let l = -791 - d. What is the hundreds digit of l?
8
Suppose -2*j - 92 = 3*k + 29, 2*k + 275 = -5*j. Let w = 21 + j. Let o = 114 - w. What is the hundreds digit of o?
1
What is the units digit of (-38257875)/(-3069) - 12/(-11)?
7
Let d(k) = 21*k**2 + 9*k - 650. What is the units digit of d(23)?
6
Let d be 465/9 + 5 - 8/(-6). Let i(o) = -10*o**2 + 18 - 18*o + d - 5*o + 9*o**2. What is the tens digit of i(-24)?
5
Let n(m) = -m + 38. Suppose -5*v + 2*z = 202, 4*v = -3*z - 0*z - 180. Let x = v - -62. What is the tens dig